 factors of l?
13
Suppose 0 = -2*b - 3*b - 20. Let j be (-2)/(-8) - (-213)/12. List the prime factors of j/12*b/(-3).
2
Let z = -313 + 475. List the prime factors of z.
2, 3
Let t = -61 - -86. List the prime factors of t.
5
Suppose w - 2*q + 6 = -3*w, -3*q = 2*w - 9. Suppose w = -4*m - m. Let c = 4 - m. List the prime factors of c.
2
Let z(f) = 39*f + 27. List the prime factors of z(6).
3, 29
Let j(o) = o**3 + 24*o**2 + 34*o + 35. What are the prime factors of j(-22)?
3, 5, 17
Let a = -4 - -7. Suppose -a = 5*j + 2. List the prime factors of 1*-8*(-3 - j).
2
Suppose -t + 5*j = 4*t + 40, 5*t + 43 = 2*j. Let s = 12 + -6. What are the prime factors of 6/t*s/(-1)?
2
Let c = -19 + 19. Suppose 2*g - 52 = -h - 3*h, 3*h + 3 = c. List the prime factors of g.
2, 7
Let t be (-1 - (-4)/(-2)) + 15. List the prime factors of (0 + -12)*(-15)/t.
3, 5
Suppose -11*f = -3*f - 144. List the prime factors of f.
2, 3
Let a be (-2)/6 + (-42)/(-18). List the prime factors of (4/2)/a + 19.
2, 5
Let l = 33 + -20. Let d = 20 - l. List the prime factors of d.
7
Suppose -4*i - 294 = -6*i. What are the prime factors of i?
3, 7
List the prime factors of (0 - -1)*(244 - 4).
2, 3, 5
Let u(x) = x + 6. Suppose -4*o = -3*o - 7. List the prime factors of u(o).
13
Let q = -35 - -54. What are the prime factors of q?
19
Let g(a) = -2*a**3 + 1. Let b be g(-1). Suppose 135 = b*p + 2*p. What are the prime factors of p?
3
Let i(w) = -w**3 - 6*w**2 - w - 6. Let u be i(-6). Let f be (6/(-4) - -2)*u. Suppose -3*o - 30 = -2*k, 2*k - 26 = -f*k + 2*o. List the prime factors of k.
3
Suppose 3*d = -d + 24. List the prime factors of d.
2, 3
Suppose m - 1212 = -11*m. What are the prime factors of m?
101
List the prime factors of ((-6)/(-12)*-3)/(1/(-86)).
3, 43
Suppose -90 = 6*y - 16*y. List the prime factors of y.
3
List the prime factors of (-2416)/(-40) + (-6)/(-10).
61
Suppose 0 = -3*l + o + 3, -o + 9 = -3*l + 4*o. Let k be (-1 + 1)/(4/l). Suppose k = 3*y - 42 + 15. What are the prime factors of y?
3
Let r = 34 + -16. Let p = 29 - r. What are the prime factors of p?
11
Let n(j) = -11*j - 8. Let s be n(6). What are the prime factors of 1/(s/(-24) - 3)?
2, 3
List the prime factors of 24*((-4)/8)/(-1).
2, 3
Suppose -k = -3*d - 2*k + 10, 2*d - 7 = -k. Suppose d*n - 16 = -n. Suppose y + 0*f = n*f - 3, -3*y = -2*f - 21. What are the prime factors of y?
3
Let b(x) = 23*x**2 + 1. List the prime factors of b(1).
2, 3
Let l(m) = -m**3 - 9*m**2 - m + 6. Let o(b) = -b**3 - 10*b**2 + 6. Let u(g) = -3*l(g) + 2*o(g). List the prime factors of u(-6).
2, 3
Let x = 6 + 0. Suppose 5*j = g + 13, -5*g = x*j - 4*j + 65. Let t = g + 21. List the prime factors of t.
2
Let d(b) = -b**3 - 6*b**2 + 5*b - 4. Suppose 0 = j - 1 - 1. Suppose -3*q = j*u - 0*q + 5, 4*q - 40 = 4*u. List the prime factors of d(u).
2, 5
Let j(f) = -4*f - 2*f + 2 + 0 - 5. List the prime factors of j(-4).
3, 7
Suppose 4*k - 119 = 145. List the prime factors of k.
2, 3, 11
List the prime factors of 49/14*6/1.
3, 7
Let y = -62 + 18. Let r = y - -68. List the prime factors of r.
2, 3
Let u(z) = z**3 + 9*z**2 - z - 6. List the prime factors of u(-9).
3
Let y(m) = 8*m + 1. Let x(d) be the second derivative of -d**3/6 - 7*d**2/2 + d. Let j be x(-8). What are the prime factors of y(j)?
3
Suppose -5*g = -3*d - 341 - 496, -d - 169 = -g. What are the prime factors of g?
3, 5, 11
Let l = 624 - 377. What are the prime factors of l?
13, 19
Let i(f) = -5*f**2 + 7*f - 2*f + 6*f**2 + 4 - 2*f. Let k = -4 + -1. What are the prime factors of i(k)?
2, 7
Suppose t + 12 = 3*o + 4*t, 2*t - 8 = -5*o. Suppose o*s - 58 = -2*s. List the prime factors of s.
29
Let b(t) = -t**3 + 19*t**2 - 49*t + 23. List the prime factors of b(16).
7
Let x = 3 + 1. Let n(o) = 2*o**2 - 3*o - 4. What are the prime factors of n(x)?
2
List the prime factors of (-122)/(-5) + (-14)/35.
2, 3
Let f be 12 - (-1 - (1 + -2)). Let y(j) = -j**3 + 3*j**2 + j - 4. Let o be y(3). What are the prime factors of (66/f)/(o/(-2))?
11
Let c be (-4)/(-14) - (-5170)/35. Suppose 4*f - 2*n = c, 5*n + 30 = f + n. List the prime factors of f.
2, 19
Let u(s) = -s + 6. Let f be u(5). Let y be 46*f - (-2 + 1). Suppose 3*i = 5*d - 63, -d + 5*d - y = -i. List the prime factors of d.
2, 3
List the prime factors of -2 + -1 - -85 - -4.
2, 43
Let y be 2*2*(-3)/(-3). Suppose -4*s = -3*l + 4, 2*s + 16 = y*l + l. What are the prime factors of l?
2
What are the prime factors of 4/(-7) - 0 - 32/(-7)?
2
Let o(f) = -17*f**3 + 4*f**2 + 2. What are the prime factors of o(-2)?
2, 7, 11
Suppose -4*g = -4*h, -5*g + 6 = -3*h + 2. Let o = h - 5. Let i(f) = 2*f**2 + f - 3. What are the prime factors of i(o)?
2, 3
Suppose 0 = -u + 32 + 66. List the prime factors of u.
2, 7
Let l be (-3)/(-2 - 75/(-39)). Suppose 3*f - l = -3*s, -5*s + 3 = -f - 2. What are the prime factors of f?
2, 5
Let g(y) = 2*y + 3*y**2 - y**2 - 9 - y**2 + 11. What are the prime factors of g(-4)?
2, 5
Suppose 8 = 3*v + 5*n - 15, 0 = 3*v - n - 35. What are the prime factors of v?
11
Suppose 2*m - 4 = 0, -2*m = -4*v + 1 + 3. Suppose 0 = 4*q - 5*o + 11, -5*q + 9 + 2 = v*o. Let l = 2 + q. List the prime factors of l.
3
Suppose -5*r - g - 86 = -4*g, -2*r - g - 30 = 0. Suppose 67 = 5*c - 73. Let o = c + r. What are the prime factors of o?
2, 3
Let k = 12 - 8. List the prime factors of (18/k)/(21/140).
2, 3, 5
What are the prime factors of ((-441)/(-15))/(3/15)?
3, 7
List the prime factors of 101 + -2 + 4 + -5 + 7.
3, 5, 7
Suppose 3*o + 14 = 5*k + o, -4*o = 8. Let a be ((-3)/k)/(5/(-10)). What are the prime factors of 9 + 2*(a - 2)?
11
Let d = -10 + 5. Let r = d - -5. Suppose r*c = 3*c - 33. List the prime factors of c.
11
Let d(g) = -g**2 + 10*g - 12. Let z be d(8). Suppose 3*a - 3*y - 15 - 3 = 0, z*y = -12. Suppose w + 18 = a*w. List the prime factors of w.
3
Suppose 5*c - 2 = 8. Suppose -4*v - c*b = -5*b - 68, 2*v + b = 44. What are the prime factors of v?
2, 5
Let c = -7 - -10. Suppose c*f = 6*f - 6. Suppose -f*n = -0*n - 40. What are the prime factors of n?
2, 5
Let f = 36 - 6. What are the prime factors of f?
2, 3, 5
Let l(q) = q - 5. Let r be l(5). Let y = r - -2. List the prime factors of 1*-4 + y - -12.
2, 5
Let u = 54 - 17. List the prime factors of u.
37
Let l(a) = a + 7. Let g be l(-5). Suppose g*u = -2*u - 28. Let m(s) = s**2 + 5*s - 9. What are the prime factors of m(u)?
5
Suppose 0 = 2*u - 4*u + 278. What are the prime factors of u?
139
Let d = 77 - 21. What are the prime factors of d?
2, 7
Let f(d) = 11*d**2 - 1. Let u be f(1). Suppose 4*t - 2*k - 2*k = 0, 5*k - u = -5*t. Suppose -j + t = -1. What are the prime factors of j?
2
Let r be (-3)/(-5)*(-20)/(-4). Suppose -5*y = b - 3, 0*b - b + 2*y + r = 0. Suppose 0 = -4*c - b*q - 7, 3*c + c - 3*q = 23. List the prime factors of c.
2
Suppose 0 = -g - 0*p - 2*p - 7, 3*g - 19 = 2*p. Suppose -g*j = -149 + 41. List the prime factors of j.
2, 3
Let g = 20 - 0. List the prime factors of g.
2, 5
Suppose 80 = 2*b - 0*b. What are the prime factors of b?
2, 5
Suppose h - 83 = -3*l, -3*l = h + 3*h - 80. Let m be (6 + -3)*l/3. Let z = m - 19. List the prime factors of z.
3
Suppose 201 = 3*v + 48. What are the prime factors of v?
3, 17
Suppose -29 = -h - 2*q + 4, -3*q + 165 = 5*h. List the prime factors of h.
3, 11
Let d = 10 + -8. Suppose 3*a = -d*w + 17, -4*a - 17 = -4*w + w. List the prime factors of w.
7
Let f = -6 - -11. Let y(h) = h**2 - 2. Let n be y(2). Let o = f - n. List the prime factors of o.
3
Suppose 5*r - x - 57 = x, 5*r - 51 = -4*x. Let s be 0/(0 + -4) - -4. Suppose -s*f + r = -1. What are the prime factors of f?
3
Suppose -4*l = -2*l - 10. Let h(d) = d. Let o be h(-1). Let m = l - o. List the prime factors of m.
2, 3
Let f(c) = -c - 1. Let a be f(-6). Let r = 1 + a. Suppose -3 = -l + r. What are the prime factors of l?
3
Let b(l) = l**2 + 4*l + 5. Let w be b(-3). Let s(z) = -z**2 - 5*z + 7. Let f be s(-6). What are the prime factors of w/f*18/4?
3
Let c(j) = -j**3 - 5*j**2 + 5*j - 5. Let h be c(-6). Let t = h + -1. Suppose t = 2*d + 2 - 26. What are the prime factors of d?
2, 3
Suppose 12 = -2*p + 6*p. Suppose -p*r = -4*g - 68, 4*g - 56 = -3*r + 44. What are the prime factors of r?
2, 7
Suppose 5*y = -5*v, v - y + 0 = 4. What are the prime factors of 25*(2 - 1) + v?
3
Let f = -10 - -23. Let x = 17 - f. What are